-5))
2
(0 + 8 + 0 - 18) + -2
-12
(-5 - (5 + (-3 + 0 - 0))) + 7
0
-1 + (3 - -4) + 1 + 5 + -5
7
What is the value of 6 + -3 + 2 - (-5 + 3 + 6)?
1
What is -1 + 7 + (-3 - (7 - 4))?
0
-1 + -2 - (46 + -56 + 2 + 1)
4
What is -24 - (-46 + 11) - (-1 + -10)?
22
0 + 6 - ((12 - 2) + (53 - 50))
-7
What is the value of -2 + -1 + -7 + 0 + (113 - 112)?
-9
What is 47 + -43 - (0 - 2) - -10 - 5?
11
-6 + (-2 + -2 + 4 - 7) + 2
-11
Evaluate -41 - (17 - 34) - -44.
20
What is the value of 1 - (80 + -69 + -4 + (2 - 2))?
-6
Calculate -16 - (-46 + 10 - (-7 + 12)).
25
Calculate (5 - (9 + (4 - 2))) + 65 + -62.
-3
What is the value of -1 + -27 - (-847 - -827)?
-8
Calculate 22 + -46 - -39 - (9 + -1).
7
What is 1 + 11 + 1 - (2358 - 2329)?
-16
What is the value of (20 - -12 - 7) + -20?
5
Calculate 23 - (-4 + 7 + -3 - 4 - -11).
16
Evaluate 10 + (-12 - 0) + (11 - -2).
11
What is 0 + 21 - (-86 + 99)?
8
What is the value of 0 - 41 - (15 + -41)?
-15
What is the value of -15 + (-4 - 4 - -34 - -4)?
15
Calculate -8 + 7 + -1 + -5 + -6 - -5.
-8
What is -6 + (19 - 16) - (3 + -3)?
-3
-9 - ((-6 - -3) + 0) - 2 - 1
-9
What is (226 - 179) + (5 - 71)?
-19
What is the value of -9 + -2 + 4 + (12 - 27)?
-22
(-12 - 17 - -36) + -6
1
What is the value of 18 + -3 - (0 + -1 - -11)?
5
What is (8 - 21) + (-28 - -31)?
-10
Evaluate (2 - 18) + (12 - 0).
-4
What is 99 + -27 + -35 + (-2 - 7)?
28
1 + -4 + 14 + (28 - 24)
15
Evaluate -6 + -4 + -1 + -1 + 5 + 5.
-2
-11 + 5 + (0 - 0 - 8 - -5)
-9
Calculate -3 + -2 + -11 - (-149 + 115).
18
Calculate (-7 - 1) + (112 - 81).
23
23 - (11 - 1 - (7 + (7 - 8)))
19
(2 - 16) + -1 + (-177 - -183)
-9
Calculate -32 + 15 + (-7 - -56 - 4).
28
Evaluate (2 - (-4 + 1)) + 126 + -119.
12
What is (-2 - -7) + 0 + (238 - 246)?
-3
What is the value of -4 + -1 + -3 - -10 - 3?
-1
What is (6 - 25) + 63 - (5 + 5)?
34
What is 1 + -9 + 1 - ((-97 - -61) + 13)?
16
What is the value of -2 - 0 - (-167 + 163)?
2
What is 0 + 9 + -22 + 2?
-11
Evaluate -16 + -10 + 0 + (111 - 110).
-25
What is 4 + (1 + -9 - (-2 - 4)) + 2?
4
7 - (20 + -1 + 12)
-24
What is the value of (1 - 17) + 5 + (-48 - -52)?
-7
Evaluate 1 - ((-7 - -1) + (3 - (2 + 7))).
13
(6 - ((15 - -2) + -2)) + 2
-7
What is the value of -5 + -1 + 296 + -308?
-18
What is -45 - ((3 - -13) + -36)?
-25
177 + -199 + (-2 - -44)
20
What is -24 - ((-17 - -1) + (-8 - (-7 + -9)))?
-16
Calculate -5 + -5 + 100 + -93.
-3
Evaluate (-17 - 0) + (0 - (-15 - 0)).
-2
(-33 - 7 - 23) + 41
-22
What is 4 - ((3 - (0 - -1)) + 4)?
-2
Calculate 14 + (15 - 13) + 3 + -4.
15
What is 7 + 61 + -36 + -41?
-9
Evaluate 4 - ((3 - 0) + 34 + -31 + -5).
3
What is -3 + 6 + 0 + -7 + -1 + -5?
-10
Evaluate -1 + -20 + 201 + -194.
-14
-22 - (-7 + (2 - (-17 + 6)) + -11)
-17
What is the value of 4 + (-2 + (-3 - -2) - 3) + 5?
3
Evaluate -2 + 11 + -11 + (-10 - -8).
-4
Calculate (-10 - (8 - 12) - 4) + 4.
-6
Evaluate 17 + (-4 - 5) + -15.
-7
What is the value of (-259 - -233) + (2 - -18)?
-6
-1 + -23 + 15 + 5 - 17
-21
What is (-7 - (20 + -10)) + 18?
1
5 + (8 + (-3 - 13) - -14)
11
(4 - (12 + -13) - 21) + -2 + 9
-9
Evaluate -432 + 439 + 0 + -23 + 2.
-14
Evaluate (-2 - 24) + (-260 - -271).
-15
What is 10 + 2 + (-29 - -58 - 17)?
24
What is -6 + -3 + -1 - -2?
-8
(732 - 700) + (-12 - 0)
20
Evaluate (0 - 4) + (-58 - -62).
0
What is the value of -13 - (-7 - 1 - -5)?
-10
96 + -102 + (0 - (-7 + -1))
2
Evaluate -6 + 18 + -1 + -29 + 2 + -2.
-18
-11 - (-1 + 1 - (4 + -1))
-8
What is the value of (4 - 8) + -21 + (6 - (-9 - -10))?
-20
Calculate (0 - (-18 + 11)) + 5 + 5 + -18.
-1
-10 + -5 + (-3 - -6) + 3 + 2
-7
2 - -18 - 7 - 3
10
Calculate (-5 - (9 - 9 - 3)) + 7.
5
What is the value of 6 - (-30 + 17 - -13)?
6
What is 25 + -3 + 5 + -15?
12
What is the value of -53 - -52 - (-6 - -12)?
-7
What is the value of -14 + -14 + -13 + 15 - (-9 - -2)?
-19
(-13 - 0) + 4 + (15 - 19)
-13
Evaluate 18 + (-9 - -6) + 1.
16
What is 0 - (-6 - 1) - (23 - (3 + -3))?
-16
What is the value of -225 + 216 + (1 - 2)?
-10
What is (9 - -2) + 7 + (-6 - -15 - 13)?
14
What is -20 + 30 + 4 + -19?
-5
What is -26 + 9 + -13 + -5 + 12 + -2?
-25
What is the value of (-16 - -9) + 3 + 5 + -6?
-5
Evaluate (8 + -47 - -50) + -47.
-36
Calculate 18 - (-2 + 9 + (3 - 4) + -8).
20
What is the value of 4 - (1 + (2 - -1) + -6 - -15)?
-9
What is 1 - (-2 + 2 - (-1 + 5 - 4))?
1
Evaluate (-60 - (-40 + 1)) + 27.
6
What is the value of (164 - 162) + 1 + (-1 - -8)?
10
-7 + (7 - 11) + 21 - 10
0
Calculate 0 + -4 + (7 - (38 - 6)).
-29
What is 3 - 5 - ((-30 - -7) + 19)?
2
What is the value of -5 + -4 + 23 + (-2 - 2) - 5?
5
-2 - -14 - 2 - (-17 + 18)
9
Calculate (-15 - -5) + 12 - (8 + 0 + -2).
-4
Evaluate 10 + -2 + 5 + -19.
-6
(10 - (-22 + 33)) + -13
-14
What is the value of -5 + (-6 - 8 - -10) - (0 + -46)?
37
What is -61 + 56 - (0 + 0 + 0 + -3)?
-2
What is the value of 25 - (7 - -2 - (-7 + 6))?
15
What is (-5 + 2 - 5) + 1 + -45 + 49?
-3
Calculate -8 - (-8 + 3) - (7 + -4 - 6).
0
What is 7 + (-10 - (0 + 1 + -10))?
6
Evaluate -8 + -1 + 2 + (6 - -3) + 15.
17
(9 - ((-3 - -27) + -4)) + 6
-5
(-3 - 5) + (19 - 2) + -7
2
Evaluate -13 - ((6 + -6 - -14) + -5).
-22
What is the value of -5 + (-2 - -8) + -3 + -12?
-14
What is the value of (-21 - -19) + (-9 + 7 - 8)?
-12
Evaluate -8 + (-3 - (-5 - 0)) + -12.
-18
Evaluate (229 - 245) + 8 + (0 - (0 + 2)).
-10
What is -6 + -26 + (6 - (-4 - 7))?
-15
Evaluate 17 - 0 - 23 - -16.
10
What is 16 + (6 - (-2 + 8))?
16
-21 - -14 - (-3 - (-1 - -23))
18
What is -5 + (-13 + 24 - 2)?
4
(-18 - -28) + 22 + -11
21
-2 - -2 - ((-15 - -5) + 9)
1
(2 - (-5 + 2)) + -2 + 1875 + -1879
-1
Evaluate -2 + (3 - 5) + -1 + (-1 - -3).
-3
What is -14 + (7 - (15 + -18))?
-4
Calculate 25 - (-45 - -61 - (-2 - -28)).
35
What is the value of 13 + (-1 + -8 - (13 + -20 + 5))?
6
What is the value of 1 + 8 - (-15 + (33 - 7))?
-2
5 - ((-4 + 2 + 1 - -7) + -9)
8
What is 4 + (-4 - (-40 - -29) - (1 + -4))?
14
Calculate (-739 - -742) + 2 + -24.
-19
3 - (-9 + -10 + 9 + 7) - 29
-23
What is 36 - 68 - (-28 - -14)?
-18
4 + -5 - (9 - 4)
-6
Calculate -11 - (-2 + -6 - (-34 - -7 - -22)).
-8
What is 4 + (13 - 35) + 31?
13
What is the value of 62 + -71 - (1 - 0 - 7)?
-3
What is 9 - (4 - (9 - 5 - (5 - 7)))?
11
What is the value of 33 + (-2 - 27) + (0 - -22)?
26
(-10 - (-16 - -5)) + (-35 - (-1 - 7))
-26
Evaluate 5 + (-9 - (-5 - (-4 + -4)) - -5).
-2
What is (5 - (-3 + 1 + -2)) + -1?
8
What is the value of (-2 - (-6 - -6)) + -5?
-7
-45 + (5 - (1 - 5 - 5))
-31
Calculate 19 - (-2 - (15 + -16)).
20
Evaluate (9 - 10) + -4 + 0.
-5
What is the value of 15 + (-1 - 2) + 57 + -54?
15
Evaluate (4 - 38 - -7) + 13.
-14
Evaluate -4 - ((0 - -16) + -14).
-6
What is the value of 20 - (34 - (-29 - -4))?
-39
Evaluate -357 + 367 - ((-1 - -11) + (-8 - -5)).
3
Evaluate 3 - (-12 - (4 - 28) - 5).
-4
Calculate (17 + (6 - 0) - (14 + -13)) + 5.
27
Calculate (31 + -22 - 20) + 4.
-7
What is 4 - (-1 - -2) - (125 + -121) - -14?
13
What is the value of -4 + (-24 + 27 - -7)?
6
What is -5 + 1 + (4 + 1 - 3) + 1?
-1
Evaluate -1 - ((2 - (6 + -5 - -5)) + -5).
8
What is the value of -21 - (-5 + 3 + (9 - 21))?
-7
What is the value of (2 - 9) + (-30 - -36)?
-1
What is -9 + (12 - (0 - -5))?
-2
What is the value of -2 + (5 + (42 - 26) - (-2 + 0))?
21
What is the value of (8 - 2) + -18 + 34?
22
Evaluate (6 - -15) + -10 - (4 + 1 + 0).
6
What is 22 + -11 + (-8 - (-13 + -8 - -4))?
20
-11 - (-5 + -8 + 9) - (25 - 1)
-31
(8 - 1) + (19 - 12) + -25
-11
Calculate -58 - (-13 - (35 + -15)).
-25
Evaluate 12 + 0 + -37 + 18 - 12.
-19
What is the value of -35 + 50 + (11 - 37)?
-11
3 + 0 - 13 - (-9 - (-13 + 7))
-7
Calculate -5 + 18 - (16 - 28).
25
0 - 9 - (11 + (-8 - 0))
-12
What is -11 - -5 - (-2 + -14)?
10
What is 8 - 1 - (-138 + 148)?
-3
What is -8 - (-2 + -7 - -17) - -9?
-7
What is the value of -3 - (-18 + 2 + -1 + -26 + 29)?
11
Evaluate 6 - 0 - (-1 - (0 + -7 + 2)).
2
-3 + -2 + (1 - (2 - 7)) - 19
-18
What is the value of 7 + -9 - 12 - -1?
-13
What is 4 + (-2 - (6 - 15))?
11
What is 6 + -2 - (4 + -1 + 8 + -4)?
-3
What is the value of -3 + -24 - 1 - ((-47 - -20) + 35)?
-36
Calculate (245 - 240) + 2 + 0 + (-2 - -3).
8
Calculate (17 + -12 - 17) + 4 - (0 - 7).
-1
23 - (14 + (8 - 30))
31
3 - (7 + -18 + 20)
-6
Calculate (-5 - -19 - 10) + -12.
-8
2 - (-5 + 22 + -8 + -19)
12
Calculate (17 - (20 - -4)) + 17.
10
21 + -26 + (0 + -2 - 9)
-16
What is (-33 - (-17 + 14 + -